{"id":105,"date":"2017-04-09T11:27:55","date_gmt":"2017-04-09T09:27:55","guid":{"rendered":"https:\/\/www.stcks.cz\/?page_id=105"},"modified":"2024-05-27T21:06:09","modified_gmt":"2024-05-27T19:06:09","slug":"kontakty","status":"publish","type":"page","link":"https:\/\/www.stcks.cz\/?page_id=105","title":{"rendered":"Kontakty"},"content":{"rendered":"<table>\n<tbody>\n<tr>\n<td width=\"201\">\n<h3 style=\"text-align: center;\"><i>P\u0159edseda<\/i><\/h3>\n<\/td>\n<td width=\"201\">\n<h3 style=\"text-align: center;\"><i>M\u00edstop\u0159edseda<\/i><\/h3>\n<\/td>\n<\/tr>\n<tr>\n<td style=\"text-align: center;\" width=\"201\"><strong>Jan Videck\u00fd<\/strong><\/td>\n<td style=\"text-align: center;\" width=\"201\"><strong>Milan Nepejchal<\/strong><\/td>\n<\/tr>\n<tr>\n<td style=\"text-align: center;\" width=\"201\">tel. 731199595<\/td>\n<td style=\"text-align: center;\" width=\"201\">tel.<\/td>\n<\/tr>\n<tr>\n<td style=\"text-align: center;\" width=\"201\">videcky@shooting.cz<\/td>\n<td style=\"text-align: center;\" width=\"201\">info@stcks.cz<\/td>\n<\/tr>\n<tr>\n<td width=\"201\"><\/td>\n<td width=\"201\"><\/td>\n<\/tr>\n<tr>\n<td style=\"text-align: center;\" width=\"201\">\n<h3>Hospod\u00e1\u0159<\/h3>\n<\/td>\n<td style=\"text-align: center;\" width=\"201\">\n<h3>P\u0159edseda komise tren\u00e9r\u016f<\/h3>\n<\/td>\n<\/tr>\n<tr>\n<td style=\"text-align: center;\" width=\"201\"><strong>Milan Suntych<\/strong><\/td>\n<td style=\"text-align: center;\" width=\"201\"><strong>Josef Karel<\/strong><\/td>\n<\/tr>\n<tr>\n<td style=\"text-align: center;\" width=\"201\">tel. 603444047<\/td>\n<td style=\"text-align: center;\" width=\"201\">tel. 777666535<\/td>\n<\/tr>\n<tr>\n<td style=\"text-align: center;\" width=\"201\">hospodar@stcks.cz<\/td>\n<td style=\"text-align: center;\" width=\"201\">trener@stcks.cz<\/td>\n<\/tr>\n<tr>\n<td width=\"201\"><\/td>\n<td width=\"201\"><\/td>\n<\/tr>\n<tr>\n<td style=\"text-align: center;\" width=\"201\">\n<h3>P\u0159edseda komise rozhod\u010d\u00edch<\/h3>\n<\/td>\n<td style=\"text-align: center;\" width=\"201\">\n<h3>Kontaktn\u00ed adresa<\/h3>\n<\/td>\n<\/tr>\n<tr>\n<td style=\"text-align: center;\" width=\"201\"><b><i>Petr Parbus <\/i><\/b><\/td>\n<td style=\"text-align: center;\" width=\"201\"><strong>St\u0159edo\u010desk\u00e9 krajsk\u00e9 sdru\u017een\u00ed \u010cSS<\/strong><\/td>\n<\/tr>\n<tr>\n<td style=\"text-align: center;\" width=\"201\">tel. 607213822<\/td>\n<td style=\"text-align: center;\" width=\"201\">V Podskal\u00ed 231<\/td>\n<\/tr>\n<tr>\n<td style=\"text-align: center;\" width=\"201\">rozhodci@stcks.cz<\/td>\n<td style=\"text-align: center;\" width=\"201\">250 73 P\u0159ezletice<\/td>\n<\/tr>\n<tr>\n<td style=\"text-align: center;\" width=\"201\"><\/td>\n<td style=\"text-align: center;\" width=\"201\">info@stcks.cz<\/td>\n<\/tr>\n<\/tbody>\n<\/table>\n<p style=\"text-align: center;\">I\u010cO:\u00a070917736<\/p>\n<p style=\"text-align: center;\">Bankovn\u00ed spojen\u00ed:\u00a0229576745\/0300<\/p>\n<p style=\"text-align: center;\">Webmaster &#8211;\u00a0webmaster(@)stcks.cz\u00a0 &gt; pi\u0161te bez z\u00e1vorek, ty jsou tam jen jako ochrana proti spamu<\/p>\n<p style=\"text-align: center;\">\n","protected":false},"excerpt":{"rendered":"<p>P\u0159edseda M\u00edstop\u0159edseda Jan Videck\u00fd Milan Nepejchal tel. 731199595 tel. videcky@shooting.cz info@stcks.cz Hospod\u00e1\u0159 P\u0159edseda komise tren\u00e9r\u016f Milan Suntych Josef Karel tel. 603444047 tel. 777666535 hospodar@stcks.cz trener@stcks.cz P\u0159edseda komise rozhod\u010d\u00edch Kontaktn\u00ed adresa Petr Parbus St\u0159edo\u010desk\u00e9 krajsk\u00e9 sdru\u017een\u00ed \u010cSS tel. 607213822 V Podskal\u00ed&#8230;<br \/><a class=\"read-more-button\" href=\"https:\/\/www.stcks.cz\/?page_id=105\">\u010c\u00edst v\u00edce<\/a><\/p>\n","protected":false},"author":1,"featured_media":0,"parent":0,"menu_order":0,"comment_status":"closed","ping_status":"closed","template":"","meta":{"_crdt_document":"","footnotes":""},"class_list":["post-105","page","type-page","status-publish","hentry"],"_links":{"self":[{"href":"https:\/\/www.stcks.cz\/index.php?rest_route=\/wp\/v2\/pages\/105","targetHints":{"allow":["GET"]}}],"collection":[{"href":"https:\/\/www.stcks.cz\/index.php?rest_route=\/wp\/v2\/pages"}],"about":[{"href":"https:\/\/www.stcks.cz\/index.php?rest_route=\/wp\/v2\/types\/page"}],"author":[{"embeddable":true,"href":"https:\/\/www.stcks.cz\/index.php?rest_route=\/wp\/v2\/users\/1"}],"replies":[{"embeddable":true,"href":"https:\/\/www.stcks.cz\/index.php?rest_route=%2Fwp%2Fv2%2Fcomments&post=105"}],"version-history":[{"count":3,"href":"https:\/\/www.stcks.cz\/index.php?rest_route=\/wp\/v2\/pages\/105\/revisions"}],"predecessor-version":[{"id":1811,"href":"https:\/\/www.stcks.cz\/index.php?rest_route=\/wp\/v2\/pages\/105\/revisions\/1811"}],"wp:attachment":[{"href":"https:\/\/www.stcks.cz\/index.php?rest_route=%2Fwp%2Fv2%2Fmedia&parent=105"}],"curies":[{"name":"wp","href":"https:\/\/api.w.org\/{rel}","templated":true}]}}